{"id":921,"date":"2021-10-17T14:18:01","date_gmt":"2021-10-17T13:18:01","guid":{"rendered":"https:\/\/doertita.achterliek.de\/?page_id=921"},"modified":"2021-11-26T20:44:08","modified_gmt":"2021-11-26T19:44:08","slug":"2022-2","status":"publish","type":"page","link":"https:\/\/doertita.achterliek.de\/?page_id=921","title":{"rendered":"2022"},"content":{"rendered":"\n<p>Liebe Segelfreunde,<\/p>\n\n\n\n<p>Nach einer Corona und Reparatur bedingten Pause m\u00f6chte ich im kommenden Jahr&nbsp; wieder mit der D\u00f6rtita segeln und stelle hier einen vorl\u00e4ufigen T\u00f6rnplan vor.<\/p>\n\n\n\n<p>Ich biete einige T\u00f6rns in der Nord \u2013 und Ostsee an und &nbsp;eine gr\u00f6\u00dfere Runde durch die \u00d6stliche Ostsee.<\/p>\n\n\n\n<p>(Belegt) T\u00f6rn\u00a0\u00a0 1 Sa 07.05.22 bis Sa.14.05.22\u00a0 \u00a01 Wo. \u00a0\u00a0Bremerhaven \u2013 Helgoland \u2013 Norderney \u2013 Brhvn<\/p>\n\n\n\n<p>(Belegt) T\u00f6rn\u00a0\u00a0 2 Sa. 14.05.22 bis Sa.21.05.22 \u00a01 Wo. \u00a0Brhvn \u2013 Helgoland \u2013 NOK \u2013 Kiel<\/p>\n\n\n\n<p>(Frei) T\u00f6rn\u00a0\u00a0 3\u00a0 Sa, 21.05.22 bis Sa.28.05.22\u00a0 1 Wo. \u00a0Kiel \u2013 Westliche Ostsee \u2013 Flensburg<\/p>\n\n\n\n<p>(Belegt) T\u00f6rn \u00a0\u00a04\u00a0 Sa. 28.05.22 bis Mo. 06.06.22 10 Tage \u00a0\u00a0Flensburg \u2013 Westl. Ostsee \u2013 Heiligenhafen<\/p>\n\n\n\n<p>(Frei) T\u00f6rn\u00a0 5\u00a0 Mo.06.06.22 bis Mi. 15.06.22\u00a0 10 Tage. Heiligenhafen \u2013 Rund R\u00fcgen &#8211; \u00a0Stralsund<\/p>\n\n\n\n<p>(Belegt) T\u00f6rn 6\u00a0\u00a0 Do. 23.06.22 bis Sa. 02.07.22\u00a0 10 Tage Stralsund \u2013 Polnische K\u00fcste \u2013 Danzig<\/p>\n\n\n\n<p>(Belegt) T\u00f6rn\u00a0 7\u00a0 Sa.02.07.22 bis Sa. 16.07.22\u00a0 2 Wo. Danzig \u2013 Balticum \u2013 Tallin<\/p>\n\n\n\n<p>(Belegt) T\u00f6rn\u00a0 8\u00a0 Sa.16.07.22 bis Sa. 30.07.22\u00a0 2 Wo. Tallin \u2013 Finnland \u2013 Stockholm<\/p>\n\n\n\n<p>(Belegt) T\u00f6rn\u00a0 9\u00a0 Sa.30.07.22 bis Sa. 13.08.22\u00a0 2 Wo. Stockholm \u2013 G\u00f6ta Kanal \u2013 G\u00f6teborg .\u00a0\u00a0\u00a0\u00a0\u00a0\u00a0\u00a0\u00a0 \u00a0\u00a0\u00a0\u00a0\u00a0\u00a0\u00a0\u00a0\u00a0<\/p>\n\n\n\n<p>Bei diesem T\u00f6rn kommt die Geb\u00fchr von 867.-\u20ac f\u00fcr den G\u00f6ta Kanal dazu, was durch alle Mitsegler geteilt wird. Falls sich niemand daf\u00fcr findet kann Alternativ \u00fcber Gotland und \u00d6land an der Schwedischen Ostk\u00fcste bis Kopenhagen gesegelt werden. Dann \u00e4ndert sich auch T\u00f6rn 10.<\/p>\n\n\n\n<p>(Belegt) T\u00f6rn\u00a0 10\u00a0 Sa. 13.08.22 bis Sa.27.08.22\u00a0 2 Wo Tage G\u00f6teborg \u2013 Kopenhagen \u2013 Kiel<\/p>\n\n\n\n<p> (Frei) T\u00f6rn\u00a0 11\u00a0 Sa.27.08.21 bis Sa.03.09.21\u00a0 1 Wo. \u00a0Kiel \u2013 NOK \u2013 Helgoland \u2013 Brhvn\u00a0\u00a0\u00a0\u00a0\u00a0\u00a0<\/p>\n\n\n\n<p>Dies ist ein vorl\u00e4ufiger T\u00f6rnplan. Die einzelnen T\u00f6rns k\u00f6nnen je nach Verf\u00fcgbarkeit zusammengelegt oder getrennt werden. Der Kostenbeitrag betr\u00e4gt 280.-\u20ac pro Person\/Woche bei Belegung von 2 Personen pro Kabine. Bei Einzelbelegung 350.- \u20ac. &nbsp;Hinzu kommt ein Beitrag f\u00fcr die Bordkasse, in die ich auch einzahle. Daraus werden die Kosten f\u00fcr Hafengeb\u00fchren, Lebensmittel und Diesel usw. beglichen.<\/p>\n\n\n\n<p>Voraussetzung ist, dass&nbsp; 2022 die Beschr\u00e4nkungen wegen Covid 19 aufgehoben sind. &nbsp;<\/p>\n\n\n\n<p>Eine vollst\u00e4ndige Impfung mit Digitalem Nachweis ist auch Bedingung. (Das wird von den meisten Staaten verlangt)<\/p>\n\n\n\n<p>Auch kann es noch \u00c4nderungen in Bezug von verf\u00fcgbaren Fl\u00fcgen geben.<\/p>\n\n\n\n<p>Heiner Mattfeldt<\/p>\n\n\n\n<p>Tel.&nbsp; &nbsp;0177 1906176&nbsp;&nbsp;&nbsp;&nbsp;&nbsp;&nbsp;&nbsp;&nbsp;&nbsp;&nbsp;&nbsp;&nbsp;&nbsp; &nbsp;&nbsp;&nbsp;&nbsp;&nbsp;&nbsp;&nbsp;&nbsp;&nbsp;<\/p>\n\n\n\n<p>Mail.:&nbsp;&nbsp; &nbsp;&nbsp;h.mattfeldt@gmx.de<\/p>\n","protected":false},"excerpt":{"rendered":"<p>Liebe Segelfreunde, Nach einer Corona und Reparatur bedingten Pause m\u00f6chte ich im kommenden Jahr&nbsp; wieder mit der D\u00f6rtita segeln und stelle hier einen vorl\u00e4ufigen T\u00f6rnplan vor. Ich biete einige T\u00f6rns&#8230; <a href=\"https:\/\/doertita.achterliek.de\/?page_id=921\">Read more &raquo;<\/a><\/p>\n","protected":false},"author":1,"featured_media":0,"parent":0,"menu_order":0,"comment_status":"closed","ping_status":"closed","template":"","meta":{"footnotes":""},"_links":{"self":[{"href":"https:\/\/doertita.achterliek.de\/index.php?rest_route=\/wp\/v2\/pages\/921"}],"collection":[{"href":"https:\/\/doertita.achterliek.de\/index.php?rest_route=\/wp\/v2\/pages"}],"about":[{"href":"https:\/\/doertita.achterliek.de\/index.php?rest_route=\/wp\/v2\/types\/page"}],"author":[{"embeddable":true,"href":"https:\/\/doertita.achterliek.de\/index.php?rest_route=\/wp\/v2\/users\/1"}],"replies":[{"embeddable":true,"href":"https:\/\/doertita.achterliek.de\/index.php?rest_route=%2Fwp%2Fv2%2Fcomments&post=921"}],"version-history":[{"count":3,"href":"https:\/\/doertita.achterliek.de\/index.php?rest_route=\/wp\/v2\/pages\/921\/revisions"}],"predecessor-version":[{"id":925,"href":"https:\/\/doertita.achterliek.de\/index.php?rest_route=\/wp\/v2\/pages\/921\/revisions\/925"}],"wp:attachment":[{"href":"https:\/\/doertita.achterliek.de\/index.php?rest_route=%2Fwp%2Fv2%2Fmedia&parent=921"}],"curies":[{"name":"wp","href":"https:\/\/api.w.org\/{rel}","templated":true}]}}

<p>Liebe Segelfreunde,</p>



<p>Nach einer Corona und Reparatur bedingten Pause möchte ich im kommenden Jahr&nbsp; wieder mit der Dörtita segeln und stelle hier einen vorläufigen Törnplan vor.</p>



<p>Ich biete einige Törns in der Nord – und Ostsee an und &nbsp;eine größere Runde durch die Östliche Ostsee.</p>



<p>(Belegt) Törn   1 Sa 07.05.22 bis Sa.14.05.22   1 Wo.   Bremerhaven – Helgoland – Norderney – Brhvn</p>



<p>(Belegt) Törn   2 Sa. 14.05.22 bis Sa.21.05.22  1 Wo.  Brhvn – Helgoland – NOK – Kiel</p>



<p>(Frei) Törn   3  Sa, 21.05.22 bis Sa.28.05.22  1 Wo.  Kiel – Westliche Ostsee – Flensburg</p>



<p>(Belegt) Törn   4  Sa. 28.05.22 bis Mo. 06.06.22 10 Tage   Flensburg – Westl. Ostsee – Heiligenhafen</p>



<p>(Frei) Törn  5  Mo.06.06.22 bis Mi. 15.06.22  10 Tage. Heiligenhafen – Rund Rügen &#8211;  Stralsund</p>



<p>(Belegt) Törn 6   Do. 23.06.22 bis Sa. 02.07.22  10 Tage Stralsund – Polnische Küste – Danzig</p>



<p>(Belegt) Törn  7  Sa.02.07.22 bis Sa. 16.07.22  2 Wo. Danzig – Balticum – Tallin</p>



<p>(Belegt) Törn  8  Sa.16.07.22 bis Sa. 30.07.22  2 Wo. Tallin – Finnland – Stockholm</p>



<p>(Belegt) Törn  9  Sa.30.07.22 bis Sa. 13.08.22  2 Wo. Stockholm – Göta Kanal – Göteborg .                  </p>



<p>Bei diesem Törn kommt die Gebühr von 867.-€ für den Göta Kanal dazu, was durch alle Mitsegler geteilt wird. Falls sich niemand dafür findet kann Alternativ über Gotland und Öland an der Schwedischen Ostküste bis Kopenhagen gesegelt werden. Dann ändert sich auch Törn 10.</p>



<p>(Belegt) Törn  10  Sa. 13.08.22 bis Sa.27.08.22  2 Wo Tage Göteborg – Kopenhagen – Kiel</p>



<p> (Frei) Törn  11  Sa.27.08.21 bis Sa.03.09.21  1 Wo.  Kiel – NOK – Helgoland – Brhvn      </p>



<p>Dies ist ein vorläufiger Törnplan. Die einzelnen Törns können je nach Verfügbarkeit zusammengelegt oder getrennt werden. Der Kostenbeitrag beträgt 280.-€ pro Person/Woche bei Belegung von 2 Personen pro Kabine. Bei Einzelbelegung 350.- €. &nbsp;Hinzu kommt ein Beitrag für die Bordkasse, in die ich auch einzahle. Daraus werden die Kosten für Hafengebühren, Lebensmittel und Diesel usw. beglichen.</p>



<p>Voraussetzung ist, dass&nbsp; 2022 die Beschränkungen wegen Covid 19 aufgehoben sind. &nbsp;</p>



<p>Eine vollständige Impfung mit Digitalem Nachweis ist auch Bedingung. (Das wird von den meisten Staaten verlangt)</p>



<p>Auch kann es noch Änderungen in Bezug von verfügbaren Flügen geben.</p>



<p>Heiner Mattfeldt</p>



<p>Tel.&nbsp; &nbsp;0177 1906176&nbsp;&nbsp;&nbsp;&nbsp;&nbsp;&nbsp;&nbsp;&nbsp;&nbsp;&nbsp;&nbsp;&nbsp;&nbsp; &nbsp;&nbsp;&nbsp;&nbsp;&nbsp;&nbsp;&nbsp;&nbsp;&nbsp;</p>



<p>Mail.:&nbsp;&nbsp; &nbsp;&nbsp;h.mattfeldt@gmx.de</p>

<p>Liebe Segelfreunde, Nach einer Corona und Reparatur bedingten Pause möchte ich im kommenden Jahr&nbsp; wieder mit der Dörtita segeln und stelle hier einen vorläufigen Törnplan vor. Ich biete einige Törns&#8230; <a href="https://doertita.achterliek.de/?page_id=921">Read more &raquo;</a></p>
